{"id":4825,"date":"2022-10-12T11:00:21","date_gmt":"2022-10-12T11:00:21","guid":{"rendered":"https:\/\/sportdream-aussies.de\/?page_id=4825"},"modified":"2022-10-12T11:12:44","modified_gmt":"2022-10-12T11:12:44","slug":"follies-of-the-cross-mountain-ably-hoss","status":"publish","type":"page","link":"https:\/\/sportdream-aussies.de\/?page_id=4825","title":{"rendered":"Follies of the Cross Mountain ably Hoss"},"content":{"rendered":"<figure class=\"wp-block-image size-large is-resized\">\r\n<h2>Follies of the Cross Mountain ably Hoss CHR, CHR1, CHR 2<\/h2>\r\n<!-- \/wp:post-content -->\r\n\r\n<!-- wp:image \/-->\r\n\r\n<!-- wp:heading {\"level\":5} -->\r\n<h5>Hoss steht ab sofort geeigneten H\u00fcndinnen zur Verf\u00fcgung<\/h5>\r\n<figure class=\"wp-block-table is-style-regular\">\r\n<table style=\"width: 30.696783%; height: 450px;\">\r\n<tbody>\r\n<tr style=\"height: 22px;\">\r\n<td style=\"height: 22px;\">Zuchtzulassung 10.07.2022<\/td>\r\n<\/tr>\r\n<tr style=\"height: 22px;\">\r\n<td style=\"height: 22px;\">geboren 31.05.2019<\/td>\r\n<\/tr>\r\n<tr style=\"height: 22px;\">\r\n<td style=\"height: 22px;\">black tri<\/td>\r\n<\/tr>\r\n<tr style=\"height: 22px;\">\r\n<td style=\"height: 22px;\">COI auf 10 Generationen<\/td>\r\n<\/tr>\r\n<tr style=\"height: 22px;\">\r\n<td style=\"height: 22px;\">Rute: lang<\/td>\r\n<\/tr>\r\n<tr style=\"height: 22px;\">\r\n<td style=\"height: 22px;\">Augenfarbe: braun<\/td>\r\n<\/tr>\r\n<tr style=\"height: 22px;\">\r\n<td style=\"height: 22px;\">Z\u00fcchter: Jutta G\u00f6bel und Elke Ernst<\/td>\r\n<\/tr>\r\n<tr style=\"height: 10px;\">\r\n<td style=\"height: 10px;\">Besitzer: Jutta und Andreas G\u00f6bel und Elke Ernst<\/td>\r\n<\/tr>\r\n<tr style=\"height: 22px;\">\r\n<td style=\"height: 22px;\">Gr\u00f6\u00dfe: 54 cm<\/td>\r\n<\/tr>\r\n<tr style=\"height: 22px;\">\r\n<td style=\"height: 22px;\">HD: A1 (Dr. Viefhusen)<\/td>\r\n<\/tr>\r\n<tr style=\"height: 22px;\">\r\n<td style=\"height: 22px;\">ED: frei Grad 0 (Dr. Viefhusen) L\u00dcW frei 0<\/td>\r\n<\/tr>\r\n<tr style=\"height: 22px;\">\r\n<td style=\"height: 22px;\">MDR:  <img src='https:\/\/sportdream-aussies.de\/wp-content\/plugins\/wp-monalisa\/icons\/' alt='' width='29' height='24' class='wpml_ico' \/> \u00a0+\/+<\/td>\r\n<\/tr>\r\n<tr style=\"height: 22px;\">\r\n<td style=\"height: 22px;\">CEA: clear<\/td>\r\n<\/tr>\r\n<tr style=\"height: 22px;\">\r\n<td style=\"height: 22px;\">PRA: clear<\/td>\r\n<\/tr>\r\n<tr style=\"height: 22px;\">\r\n<td style=\"height: 22px;\">HSF4: clear<\/td>\r\n<\/tr>\r\n<tr style=\"height: 22px;\">\r\n<td style=\"height: 22px;\">DM: clear<\/td>\r\n<\/tr>\r\n<tr style=\"height: 22px;\">\r\n<td style=\"height: 22px;\">NCL: clear<\/td>\r\n<\/tr>\r\n<tr style=\"height: 22px;\">\r\n<td style=\"height: 22px;\">Short Tail: clear<\/td>\r\n<\/tr>\r\n<tr style=\"height: 44px;\">\r\n<td style=\"height: 44px;\">Augenuntersuchung Juli 2022 frei<\/td>\r\n<\/tr>\r\n<tr style=\"height: 22px;\">\r\n<td style=\"height: 22px;\">Merle Test: m\/m<\/td>\r\n<\/tr>\r\n<\/tbody>\r\n<\/table>\r\n<\/figure> <img src='https:\/\/sportdream-aussies.de\/wp-content\/plugins\/wp-monalisa\/icons\/' alt='' width='29' height='24' class='wpml_ico' \/> \r <img src='https:\/\/sportdream-aussies.de\/wp-content\/plugins\/wp-monalisa\/icons\/' alt='' width='29' height='24' class='wpml_ico' \/> \nHoss ist ein ausgeglichener in sich ruhender R\u00fcde, der sich mit Allen und Jedem versteht. Selbst kleine Kinder sind \u00fcberhaupt kein Problem f\u00fcr ihn. Hoss lebt mit seiner Mutter Follie (Schwester unserer Katniss) in Bonn und kann dort auch gerne angeschaut werden.  <img src='https:\/\/sportdream-aussies.de\/wp-content\/plugins\/wp-monalisa\/icons\/' alt='' width='29' height='24' class='wpml_ico' \/> \u00a0Er ist ein sehr korrekter R\u00fcde mit moderaten Knochen und Fell, hat einen sehr maskulinen Kopf und wird derzeit im Rally Obedience ausgebildet. Kontakt entweder \u00fcber uns oder \u00fcber rheinholdgoebel@gmx.de.<\/figure>\r\n<figure class=\"wp-block-image size-large is-resized\"><!-- \/wp:heading -->\r\n\r\n<!-- wp:html -->ngg_shortcode_0_placeholder<\/figure>\r\n<p><img loading=\"lazy\" decoding=\"async\" class=\"alignleft size-full wp-image-3752\" src=\"https:\/\/sportdream-aussies.de\/wp-content\/uploads\/2019\/02\/fullsizeoutput_27e.jpeg\" alt=\"\" width=\"728\" height=\"567\" \/><\/p>\r\n<h2> <img src='https:\/\/sportdream-aussies.de\/wp-content\/plugins\/wp-monalisa\/icons\/' alt='' width='29' height='24' class='wpml_ico' \/> \u00a0 <img src='https:\/\/sportdream-aussies.de\/wp-content\/plugins\/wp-monalisa\/icons\/' alt='' width='29' height='24' class='wpml_ico' \/> <\/h2>","protected":false},"excerpt":{"rendered":"<p>Follies of the Cross Mountain ably Hoss CHR, CHR1, CHR 2 Hoss steht ab sofort geeigneten H\u00fcndinnen zur Verf\u00fcgung Zuchtzulassung 10.07.2022 geboren 31.05.2019 black tri COI auf 10 Generationen Rute: lang Augenfarbe: braun Z\u00fcchter: Jutta G\u00f6bel und Elke Ernst Besitzer: Jutta und Andreas G\u00f6bel und Elke Ernst Gr\u00f6\u00dfe: 54 cm HD: A1 (Dr. Viefhusen) ED: [&hellip;]<\/p>\n","protected":false},"author":1,"featured_media":4831,"parent":2655,"menu_order":5,"comment_status":"closed","ping_status":"closed","template":"","meta":{"ngg_post_thumbnail":0,"footnotes":""},"class_list":["post-4825","page","type-page","status-publish","has-post-thumbnail","hentry"],"aioseo_notices":[],"jetpack_sharing_enabled":true,"_links":{"self":[{"href":"https:\/\/sportdream-aussies.de\/index.php?rest_route=\/wp\/v2\/pages\/4825","targetHints":{"allow":["GET"]}}],"collection":[{"href":"https:\/\/sportdream-aussies.de\/index.php?rest_route=\/wp\/v2\/pages"}],"about":[{"href":"https:\/\/sportdream-aussies.de\/index.php?rest_route=\/wp\/v2\/types\/page"}],"author":[{"embeddable":true,"href":"https:\/\/sportdream-aussies.de\/index.php?rest_route=\/wp\/v2\/users\/1"}],"replies":[{"embeddable":true,"href":"https:\/\/sportdream-aussies.de\/index.php?rest_route=%2Fwp%2Fv2%2Fcomments&post=4825"}],"version-history":[{"count":6,"href":"https:\/\/sportdream-aussies.de\/index.php?rest_route=\/wp\/v2\/pages\/4825\/revisions"}],"predecessor-version":[{"id":4833,"href":"https:\/\/sportdream-aussies.de\/index.php?rest_route=\/wp\/v2\/pages\/4825\/revisions\/4833"}],"up":[{"embeddable":true,"href":"https:\/\/sportdream-aussies.de\/index.php?rest_route=\/wp\/v2\/pages\/2655"}],"wp:featuredmedia":[{"embeddable":true,"href":"https:\/\/sportdream-aussies.de\/index.php?rest_route=\/wp\/v2\/media\/4831"}],"wp:attachment":[{"href":"https:\/\/sportdream-aussies.de\/index.php?rest_route=%2Fwp%2Fv2%2Fmedia&parent=4825"}],"curies":[{"name":"wp","href":"https:\/\/api.w.org\/{rel}","templated":true}]}}