{"id":4514,"date":"2022-03-22T21:42:13","date_gmt":"2022-03-22T21:42:13","guid":{"rendered":"https:\/\/sportdream-aussies.de\/?page_id=4514"},"modified":"2025-09-12T15:34:56","modified_gmt":"2025-09-12T15:34:56","slug":"chili-erfolge","status":"publish","type":"page","link":"https:\/\/sportdream-aussies.de\/?page_id=4514","title":{"rendered":"Liz Erfolge"},"content":{"rendered":"<a href=\"https:\/\/sportdream-aussies.de\/?page_id=4491\" class=\"su-button su-button-style-3d\" style=\"color:#040404;background-color:#39ef2d;border-color:#2ec024;border-radius:6px\" target=\"_self\"><span style=\"color:#040404;padding:0px 18px;font-size:14px;line-height:28px;border-color:#75f46c;border-radius:6px;text-shadow:none\"> <img src='https:\/\/sportdream-aussies.de\/wp-content\/plugins\/wp-monalisa\/icons\/' alt='' width='29' height='24' class='wpml_ico' \/>  Liz  <img src='https:\/\/sportdream-aussies.de\/wp-content\/plugins\/wp-monalisa\/icons\/' alt='' width='29' height='24' class='wpml_ico' \/> <\/span><\/a><a href=\"https:\/\/sportdream-aussies.de\/?page_id=4500\" class=\"su-button su-button-style-3d\" style=\"color:#040404;background-color:#39ef2d;border-color:#2ec024;border-radius:6px\" target=\"_self\"><span style=\"color:#040404;padding:0px 18px;font-size:14px;line-height:28px;border-color:#75f46c;border-radius:6px;text-shadow:none\"> <img src='https:\/\/sportdream-aussies.de\/wp-content\/plugins\/wp-monalisa\/icons\/' alt='' width='29' height='24' class='wpml_ico' \/>  Liz Steckbrief<\/span><\/a><a href=\"https:\/\/sportdream-aussies.de\/?page_id=4516\" class=\"su-button su-button-style-3d\" style=\"color:#040404;background-color:#39ef2d;border-color:#2ec024;border-radius:6px\" target=\"_self\"><span style=\"color:#040404;padding:0px 18px;font-size:14px;line-height:28px;border-color:#75f46c;border-radius:6px;text-shadow:none\"> <img src='https:\/\/sportdream-aussies.de\/wp-content\/plugins\/wp-monalisa\/icons\/' alt='' width='29' height='24' class='wpml_ico' \/>  Liz Pedigree<\/span><\/a><a href=\"https:\/\/sportdream-aussies.de\/?page_id=4521\" class=\"su-button su-button-style-3d\" style=\"color:#040404;background-color:#39ef2d;border-color:#2ec024;border-radius:6px\" target=\"_self\"><span style=\"color:#040404;padding:0px 18px;font-size:14px;line-height:28px;border-color:#75f46c;border-radius:6px;text-shadow:none\"> <img src='https:\/\/sportdream-aussies.de\/wp-content\/plugins\/wp-monalisa\/icons\/' alt='' width='29' height='24' class='wpml_ico' \/>  Liz Galerie<\/span><\/a>\n<p>Show Erfolge:<\/p>\n<p>02.10.2022 Spezialzuchtschau in Troisdorf Jugendklasse Vorz\u00fcglich Platz 1, bester Junghund und somit die erste Anwartschaft f\u00fcr den Jugend Champion<\/p>\n<p>19.02.2023 Spezialzuchtschau in Bedburg Jugendklasse Vorz\u00fcglich Platz 3<\/p>\n<p>01.04.2023 Spezialzuchtschau in Mannheim Jugendklasse Vorz\u00fcglich Platz 4<\/p>\n<p>31.08.2025 VDH Landessieger Ausstellung NRW offene Klasse H\u00fcndinnen Vorz\u00fcglich Platz 2 R. CAC<\/p>\n<p>Sporterfolge:<\/p>\n<p>05.08.2023 Begleithundepr\u00fcfung bestanden<\/p>\n<p>09.09.2023 Erster Start Rally Obedience Beginner, 95 Punkte Vorz\u00fcglich Platz 7, Aufstieg in Klasse 1<\/p>\n<p>14.09.2023 Rally Obedience Turnier in Mendig, Beginner, 90 Punkte Vorz\u00fcglich<\/p>\n<p>01.06.2024 Rally Obedience Turnier Untere Ahr, Klasse 1, 90 Punkte Vorz\u00fcglich, Aufstieg in Klasse 2, tja und h\u00e4tte sie nicht einen HF der ein Schild \u00fcberl\u00e4uft w\u00e4ren es 100 Punkte gewesen&#8230;..<\/p>\n","protected":false},"excerpt":{"rendered":"<p>Show Erfolge: 02.10.2022 Spezialzuchtschau in Troisdorf Jugendklasse Vorz\u00fcglich Platz 1, bester Junghund und somit die erste Anwartschaft f\u00fcr den Jugend Champion 19.02.2023 Spezialzuchtschau in Bedburg Jugendklasse Vorz\u00fcglich Platz 3 01.04.2023 Spezialzuchtschau in Mannheim Jugendklasse Vorz\u00fcglich Platz 4 31.08.2025 VDH Landessieger Ausstellung NRW offene Klasse H\u00fcndinnen Vorz\u00fcglich Platz 2 R. CAC Sporterfolge: 05.08.2023 Begleithundepr\u00fcfung bestanden 09.09.2023 [&hellip;]<\/p>\n","protected":false},"author":1,"featured_media":5342,"parent":4491,"menu_order":2,"comment_status":"closed","ping_status":"closed","template":"page-templates\/full-width-page.php","meta":{"ngg_post_thumbnail":0,"footnotes":""},"class_list":["post-4514","page","type-page","status-publish","has-post-thumbnail","hentry"],"aioseo_notices":[],"jetpack_sharing_enabled":true,"_links":{"self":[{"href":"https:\/\/sportdream-aussies.de\/index.php?rest_route=\/wp\/v2\/pages\/4514","targetHints":{"allow":["GET"]}}],"collection":[{"href":"https:\/\/sportdream-aussies.de\/index.php?rest_route=\/wp\/v2\/pages"}],"about":[{"href":"https:\/\/sportdream-aussies.de\/index.php?rest_route=\/wp\/v2\/types\/page"}],"author":[{"embeddable":true,"href":"https:\/\/sportdream-aussies.de\/index.php?rest_route=\/wp\/v2\/users\/1"}],"replies":[{"embeddable":true,"href":"https:\/\/sportdream-aussies.de\/index.php?rest_route=%2Fwp%2Fv2%2Fcomments&post=4514"}],"version-history":[{"count":12,"href":"https:\/\/sportdream-aussies.de\/index.php?rest_route=\/wp\/v2\/pages\/4514\/revisions"}],"predecessor-version":[{"id":5520,"href":"https:\/\/sportdream-aussies.de\/index.php?rest_route=\/wp\/v2\/pages\/4514\/revisions\/5520"}],"up":[{"embeddable":true,"href":"https:\/\/sportdream-aussies.de\/index.php?rest_route=\/wp\/v2\/pages\/4491"}],"wp:featuredmedia":[{"embeddable":true,"href":"https:\/\/sportdream-aussies.de\/index.php?rest_route=\/wp\/v2\/media\/5342"}],"wp:attachment":[{"href":"https:\/\/sportdream-aussies.de\/index.php?rest_route=%2Fwp%2Fv2%2Fmedia&parent=4514"}],"curies":[{"name":"wp","href":"https:\/\/api.w.org\/{rel}","templated":true}]}}