{"id":4231,"date":"2021-05-11T10:11:03","date_gmt":"2021-05-11T10:11:03","guid":{"rendered":"http:\/\/sportdream-aussies.de\/?page_id=4231"},"modified":"2022-03-22T19:50:00","modified_gmt":"2022-03-22T19:50:00","slug":"k-wurf-sportdreams","status":"publish","type":"page","link":"https:\/\/sportdream-aussies.de\/?page_id=4231","title":{"rendered":"K-Wurf Sportdream\u2018s"},"content":{"rendered":"<a href=\"https:\/\/sportdream-aussies.de\/?page_id=196\" class=\"su-button su-button-style-3d\" style=\"color:#040404;background-color:#39ef2d;border-color:#2ec024;border-radius:6px\" target=\"_self\"><span style=\"color:#040404;padding:0px 18px;font-size:14px;line-height:28px;border-color:#75f46c;border-radius:6px;text-shadow:none\"> <img src='https:\/\/sportdream-aussies.de\/wp-content\/plugins\/wp-monalisa\/icons\/' alt='' width='29' height='24' class='wpml_ico' \/>  Nachzucht<\/span><\/a>\n<p style=\"text-align: left;\">Am 3. April 2021 hat uns Magic 4 wundersch\u00f6ne Welpen geschenkt, leider verlief die Geburt nicht ganz komplikationslos. Nach 2 Welpen hatte sich leider ein dicker R\u00fcde nicht in die optimale Lage gebracht und hatte die Beine eingeklappt und kam dementsprechend nicht ohne Hilfe raus. Aber wir nehmen es positiv, denn Magic hatte eine sehr gro\u00dfe Zyste an einem Eileiter und die auch direkt entfernt wurde. Was erkl\u00e4rt, das es &#8222;nur&#8220; 4 Welpen sind. Wir haben 3 R\u00fcden und 1 H\u00fcndin. Alle Welpen sind bereits fest vergeben. Vater der Welpen ist Casa de filler Smart little Buddy, ein wundersch\u00f6ner R\u00fcde in red merle. Die Welpen sind frei von MDR1, HSF4, CEA, PRA, CMR1, DM, NCL, MH, IGS, beide Eltern haben A1 H\u00fcften und sind ED frei und Augenuntersucht in 2020. Buddy ist L\u00dcW frei. Der Inzuchtcoeffizient dieser Verpaarung betr\u00e4gt 5,01 % auf 10 Generationen.<\/p>\n<p><img loading=\"lazy\" decoding=\"async\" class=\"alignnone wp-image-4280 size-large\" src=\"https:\/\/sportdream-aussies.de\/wp-content\/uploads\/2021\/05\/881D3461-2054-4A4B-9E26-8E8CC94410F5-1280x960.jpeg\" alt=\"\" width=\"640\" height=\"480\" \/><\/p>\n<p style=\"text-align: left;\">Sportdream\u2018s Key to Beauty Chili<\/p>\n<p style=\"text-align: left;\">MDR1, CEA, PRA, HSF4, CMR1, DM, NCL, MH und IGS frei \u00fcber Eltern, Welpen Augenuntersuchung frei<\/p>\n<p style=\"text-align: left;\">H\u00fcndin, red merle ngg_shortcode_0_placeholder\n <img src='https:\/\/sportdream-aussies.de\/wp-content\/plugins\/wp-monalisa\/icons\/' alt='' width='29' height='24' class='wpml_ico' \/> <p style=\"text-align: left;\">Sportdream\u2018s Key to Happiness Aidan<\/p>\n<p style=\"text-align: left;\">MDR1, CEA, PRA, HSF4, CMR1, DM, NCL, MH und IGS frei \u00fcber Eltern, Welpen Augenuntersuchung frei<\/p>\n<p style=\"text-align: left;\">R\u00fcde red tringg_shortcode_1_placeholder\n <img src='https:\/\/sportdream-aussies.de\/wp-content\/plugins\/wp-monalisa\/icons\/' alt='' width='29' height='24' class='wpml_ico' \/> <p style=\"text-align: left;\">Sportdream\u2018s Key for gorgeous James<\/p>\n<p style=\"text-align: left;\">MDR1, CEA, PRA, HSF4, CMR1, DM, NCL, MH und IGS frei \u00fcber Eltern,Welpen Augenuntersuchung frei<\/p>\n<p style=\"text-align: left;\">R\u00fcde black tri ngg_shortcode_2_placeholder\n <img src='https:\/\/sportdream-aussies.de\/wp-content\/plugins\/wp-monalisa\/icons\/' alt='' width='29' height='24' class='wpml_ico' \/> <p style=\"text-align: left;\">Sportdream\u2018s Key to my heart Kauri<\/p>\n<p style=\"text-align: left;\">MDR1, CEA, PRA, HSF4, CMR1, DM, NCL, MH und IGS frei \u00fcber Eltern,Welpen Augenuntersuchung frei<\/p>\n<p style=\"text-align: left;\">R\u00fcde red merle ngg_shortcode_3_placeholder\n <img src='https:\/\/sportdream-aussies.de\/wp-content\/plugins\/wp-monalisa\/icons\/' alt='' width='29' height='24' class='wpml_ico' \/> ","protected":false},"excerpt":{"rendered":"<p>Am 3. April 2021 hat uns Magic 4 wundersch\u00f6ne Welpen geschenkt, leider verlief die Geburt nicht ganz komplikationslos. Nach 2 Welpen hatte sich leider ein dicker R\u00fcde nicht in die optimale Lage gebracht und hatte die Beine eingeklappt und kam dementsprechend nicht ohne Hilfe raus. Aber wir nehmen es positiv, denn Magic hatte eine sehr [&hellip;]<\/p>\n","protected":false},"author":1,"featured_media":4378,"parent":196,"menu_order":10,"comment_status":"closed","ping_status":"closed","template":"","meta":{"ngg_post_thumbnail":0,"footnotes":""},"class_list":["post-4231","page","type-page","status-publish","has-post-thumbnail","hentry"],"aioseo_notices":[],"jetpack_sharing_enabled":true,"_links":{"self":[{"href":"https:\/\/sportdream-aussies.de\/index.php?rest_route=\/wp\/v2\/pages\/4231","targetHints":{"allow":["GET"]}}],"collection":[{"href":"https:\/\/sportdream-aussies.de\/index.php?rest_route=\/wp\/v2\/pages"}],"about":[{"href":"https:\/\/sportdream-aussies.de\/index.php?rest_route=\/wp\/v2\/types\/page"}],"author":[{"embeddable":true,"href":"https:\/\/sportdream-aussies.de\/index.php?rest_route=\/wp\/v2\/users\/1"}],"replies":[{"embeddable":true,"href":"https:\/\/sportdream-aussies.de\/index.php?rest_route=%2Fwp%2Fv2%2Fcomments&post=4231"}],"version-history":[{"count":11,"href":"https:\/\/sportdream-aussies.de\/index.php?rest_route=\/wp\/v2\/pages\/4231\/revisions"}],"predecessor-version":[{"id":4399,"href":"https:\/\/sportdream-aussies.de\/index.php?rest_route=\/wp\/v2\/pages\/4231\/revisions\/4399"}],"up":[{"embeddable":true,"href":"https:\/\/sportdream-aussies.de\/index.php?rest_route=\/wp\/v2\/pages\/196"}],"wp:featuredmedia":[{"embeddable":true,"href":"https:\/\/sportdream-aussies.de\/index.php?rest_route=\/wp\/v2\/media\/4378"}],"wp:attachment":[{"href":"https:\/\/sportdream-aussies.de\/index.php?rest_route=%2Fwp%2Fv2%2Fmedia&parent=4231"}],"curies":[{"name":"wp","href":"https:\/\/api.w.org\/{rel}","templated":true}]}}