{"id":231,"date":"2017-09-06T10:35:02","date_gmt":"2017-09-06T10:35:02","guid":{"rendered":"http:\/\/sportdream-aussies-service.de\/?page_id=231"},"modified":"2022-07-25T11:37:46","modified_gmt":"2022-07-25T11:37:46","slug":"magic","status":"publish","type":"page","link":"https:\/\/sportdream-aussies.de\/?page_id=231","title":{"rendered":"Magic"},"content":{"rendered":"<a href=\"https:\/\/sportdream-aussies.de\/?page_id=565\" class=\"su-button su-button-style-3d\" style=\"color:#040404;background-color:#39ef2d;border-color:#2ec024;border-radius:6px\" target=\"_self\"><span style=\"color:#040404;padding:0px 18px;font-size:14px;line-height:28px;border-color:#75f46c;border-radius:6px;text-shadow:none\"> <img src='https:\/\/sportdream-aussies.de\/wp-content\/plugins\/wp-monalisa\/icons\/' alt='' width='29' height='24' class='wpml_ico' \/>  Magic Steckbrief<\/span><\/a><a href=\"https:\/\/sportdream-aussies.de\/?page_id=572\" class=\"su-button su-button-style-3d\" style=\"color:#040404;background-color:#39ef2d;border-color:#2ec024;border-radius:6px\" target=\"_self\"><span style=\"color:#040404;padding:0px 18px;font-size:14px;line-height:28px;border-color:#75f46c;border-radius:6px;text-shadow:none\"> <img src='https:\/\/sportdream-aussies.de\/wp-content\/plugins\/wp-monalisa\/icons\/' alt='' width='29' height='24' class='wpml_ico' \/>  Magic Erfolge<\/span><\/a><a href=\"https:\/\/sportdream-aussies.de\/?page_id=574\" class=\"su-button su-button-style-3d\" style=\"color:#040404;background-color:#39ef2d;border-color:#2ec024;border-radius:6px\" target=\"_self\"><span style=\"color:#040404;padding:0px 18px;font-size:14px;line-height:28px;border-color:#75f46c;border-radius:6px;text-shadow:none\"> <img src='https:\/\/sportdream-aussies.de\/wp-content\/plugins\/wp-monalisa\/icons\/' alt='' width='29' height='24' class='wpml_ico' \/>  Magic Pedigree<\/span><\/a><a href=\"https:\/\/sportdream-aussies.de\/?page_id=576\" class=\"su-button su-button-style-3d\" style=\"color:#040404;background-color:#39ef2d;border-color:#2ec024;border-radius:6px\" target=\"_self\"><span style=\"color:#040404;padding:0px 18px;font-size:14px;line-height:28px;border-color:#75f46c;border-radius:6px;text-shadow:none\"> <img src='https:\/\/sportdream-aussies.de\/wp-content\/plugins\/wp-monalisa\/icons\/' alt='' width='29' height='24' class='wpml_ico' \/>  Magic Galerie<\/span><\/a>\n<p>Magic, noch gibt es nicht viel zu sagen, au\u00dfer, das unser Traum da ist ein Welpe aus\u00a0July und sie hat uns 3 wundervolle M\u00e4dels ausgepackt, die Entscheidung zu Magic war nicht einfach, aber sie hat mit entschieden, wie alle unsere M\u00e4dels, sie war immer da wo Brooke oder Ashley waren, auch sie verschwand unterm Stuhl, als die Welpen abgeholt wurden, sie \u00fcberkreuzt die Beine beim liegen wie July, sie k\u00fcsst wie July, sie ist einfach ein Sweety, sie hat uns von ihrerm Geb\u00e4ude \u00fcberzeugt und von ihrem Charakter, sie soll es sein, die das Team Bianca und Ashley verst\u00e4rkt. Denn Ashley wird so ganz langsam Abschied nehmen von ihrer Sportkarriere, im Obedience haben wir sie bereits rausgenommen, Agi darf Ashley noch diese und n\u00e4chste Saison laufen, aber danach wird Bianca mit Magic durchstarten, wenn sie will und ihre Untersuchungen gut sind. Will to please ist genug vorhanden und die Beiden werden ein fantastische Team werden. Nun hoffen wir, das der kleine &#8222;Rotti&#8220; sich nach unserer Vorstellungen entwickelt und\u00a0freuen uns alle auf eine wundervolle Zukunft mit ihr.<\/p>\n<p>Ein kleines Update zu Magic, wie sagt die Familie, so einen einfachen Welpen hatten wir noch nie&#8230;&#8230; sie ist wirklich pflegeleicht, stubenrein in rekord Zeit, sie lernt wahnsinnig schnell, ABER sie hat auch einen Trieb, wie wir noch in keinem Hund haben!! Und der geht manchmal mit ihr durch, dann springt sie auch schonmal gerne in die Arme. Bei Magic werden wir auf jeden Fall n\u00e4chstes Jahr die H\u00fcte Eigenschaft pr\u00fcfen! Derzeit halten wir sie einfach nur ruhig, machen noch gar nichts mit ihr, au\u00dfer zu lernen ruhig zu sein, und Bindung Bindung und nochmal Bindung, das ist kein Hund, dem man Trieb beibringen muss, die hat Trieb in H\u00f6chstform!<\/p>\n<p>Januar 2017 Magic&#8230;&#8230; gleich Trieb und Power bis zum umfallen, sie ist selbst nach ihrem ersten Wurf immer noch das Powerpaket. Sie kennt kein Ende, sie arbeitet bis zum umfallen. Die H\u00fcte Eigenschaften haben wir getestet, jedoch hat sie sich beim h\u00fcten von Schafen eher ruhig gezeigt, sie kann es, aber ist im Gegensatz zu Brooke eher vorsichtig. Beim Agility liegt noch verdammt viel Arbeit vor uns, denn sie ist so schnell und reagiert so rasant auf die kleinste K\u00f6rperdrehung, das wir uns bis jetzt noch nicht getraut haben ein Turnier zu laufen. Wir m\u00fcssen es erst schaffen bei Agi das Gehirn einzuschalten. Hier bei uns ist sie absolut ruhig, wie ihre Mutter July, aber auf dem Hundeplatz einfach nur will to please in H\u00f6chstform. Auch sie ist nach ihrem ersten Wurf vom Geb\u00e4ude her richtig fertig, das Fell ist etwas mehr und auch l\u00e4nger geworden, und sie hat einen wundersch\u00f6nen Kopf, wir behaupten einfach mal den sch\u00f6nsten Kopf unseren M\u00e4dels. Wie sich ihre ersten Welpen entwickeln m\u00fcssen wir noch abwarten, da sie gerade erst 1\/2 Jahr alt sind. Wenn sich alles unseren Vorstellungen entsprechend entwickelt, werden wir 2018 einen weiteren Wurf mit Magic machen, auch wieder mit einem eher ruhigeren R\u00fcden.<\/p>\n<p>Oktober 2018\u00a0Nun ist auch Magics 2. Wurf bereits 1\/2 Jahr alt und sie hat uns mehr wie \u00fcberrascht, 12 Welpen hat sie uns geschenkt und liebevoll aufgezogen, wir sind mit beiden W\u00fcrfen sehr zufrieden und haben uns auch deswegen entschieden einen 3. und letzten Wurf mit ihr zu machen und uns einen Welpen aus ihr zu behalten, wenn denn was passendes f\u00fcr uns dabei ist.<\/p>\n<p>Juni 2020 Magic der Traum von einem Aussie, wie ihre Mutter July, einfach nur wouw, was ein Hund, optisch, charakterlich einwandfrei. Wenn man was suchen m\u00fcsste, dann w\u00fcrden wir sagen, sie bellt beim Agi, und das war es auch schon. Und dann ist es wahnsinnig schwer zu akzeptieren und zu verstehen, dass wir h\u00f6chstwahrscheinlich keinen Welpen aus ihr bekommen werden. Im M\u00e4rz wurde sie k\u00fcnstlich besamt mit einem Traumr\u00fcden, der ebenso wie sie optisch und charakterlich ein toller Aussie ist. Sie hat nicht aufgenommen, warum? Wir r\u00e4tseln weiterhin daran. Vielleicht weil sie im vorigen Jahr durch Stress eine leichte Geb\u00e4rmutterentz\u00fcndung hatte? Vielleicht weil sie der Meinung war, dass man w\u00e4hrend einer Renovierungsphase keine Welpen bekommen darf? Der Umzug war fr\u00fch genug geplant so dass sie sich auch im neuen Heim lange genug einleben konnte. Wir wissen nicht, was es war, wir wissen nur, das f\u00fcr uns ein Traum geplatzt ist. Derzeit \u00fcberlegen wir, ob wir es mit einem \u201enormalen\u201c Deckackt nochmals versuchen sollen, oder ob wir einfach der Natur folgen, es sollte so sein und alles hat seinen Grund. Wir brauchen noch ein wenig Zeit um klar zu werden. Zucht ist schwer, auch wenn es von au\u00dfen immer so einfach und nett aussieht, aber R\u00fcckschl\u00e4ge gibt\u2019s es immer wieder.<\/p>\n<p>Juli 2022 wir haben unseren Wunsch erf\u00fcllt bekommen, letztes Jahr uns Magic nochmals auf nat\u00fcrlich Weise 4 Welpen geschenkt und davon eine H\u00fcndin, Chili. Wir hatten noch nie einen Welpen, der seiner Mutter so \u00e4hnlich ist, vom Charakter her ist Chili absolut Magic. Jetzt ist Magic auch schon 9 Jahre alt und nein, sie ist eigentlich 9 Monate, wenn man ihr glaubt. Sp\u00e4t aber nie zu sp\u00e4t, hat Magic nochmals eine Karriere im Hundesport gestartet und l\u00e4uft nun Rally Obedience. So wie sie ist, macht sie es absolut perfekt, die Fehler liegen beim Hundef\u00fchrer, nicht bei ihr. Denn Schilder lesen und umsetzen kann sie leider nicht&#8230;.. Magic ist nach wie vor ein Traum und wir hoffen, das wir noch ein bisschen Rally O laufen k\u00f6nnen und sie weiterhin so gesund und fit bleibt wie sie ist.<\/p>\n","protected":false},"excerpt":{"rendered":"<p>Magic, noch gibt es nicht viel zu sagen, au\u00dfer, das unser Traum da ist ein Welpe aus\u00a0July und sie hat uns 3 wundervolle M\u00e4dels ausgepackt, die Entscheidung zu Magic war nicht einfach, aber sie hat mit entschieden, wie alle unsere M\u00e4dels, sie war immer da wo Brooke oder Ashley waren, auch sie verschwand unterm Stuhl, [&hellip;]<\/p>\n","protected":false},"author":1,"featured_media":603,"parent":187,"menu_order":3,"comment_status":"closed","ping_status":"closed","template":"page-templates\/full-width-page.php","meta":{"ngg_post_thumbnail":0,"footnotes":""},"class_list":["post-231","page","type-page","status-publish","has-post-thumbnail","hentry"],"aioseo_notices":[],"jetpack_sharing_enabled":true,"_links":{"self":[{"href":"https:\/\/sportdream-aussies.de\/index.php?rest_route=\/wp\/v2\/pages\/231","targetHints":{"allow":["GET"]}}],"collection":[{"href":"https:\/\/sportdream-aussies.de\/index.php?rest_route=\/wp\/v2\/pages"}],"about":[{"href":"https:\/\/sportdream-aussies.de\/index.php?rest_route=\/wp\/v2\/types\/page"}],"author":[{"embeddable":true,"href":"https:\/\/sportdream-aussies.de\/index.php?rest_route=\/wp\/v2\/users\/1"}],"replies":[{"embeddable":true,"href":"https:\/\/sportdream-aussies.de\/index.php?rest_route=%2Fwp%2Fv2%2Fcomments&post=231"}],"version-history":[{"count":11,"href":"https:\/\/sportdream-aussies.de\/index.php?rest_route=\/wp\/v2\/pages\/231\/revisions"}],"predecessor-version":[{"id":4723,"href":"https:\/\/sportdream-aussies.de\/index.php?rest_route=\/wp\/v2\/pages\/231\/revisions\/4723"}],"up":[{"embeddable":true,"href":"https:\/\/sportdream-aussies.de\/index.php?rest_route=\/wp\/v2\/pages\/187"}],"wp:featuredmedia":[{"embeddable":true,"href":"https:\/\/sportdream-aussies.de\/index.php?rest_route=\/wp\/v2\/media\/603"}],"wp:attachment":[{"href":"https:\/\/sportdream-aussies.de\/index.php?rest_route=%2Fwp%2Fv2%2Fmedia&parent=231"}],"curies":[{"name":"wp","href":"https:\/\/api.w.org\/{rel}","templated":true}]}}