{"id":143,"date":"2017-09-04T18:27:17","date_gmt":"2017-09-04T18:27:17","guid":{"rendered":"http:\/\/sportdream-aussies-service.de\/?page_id=143"},"modified":"2026-02-12T17:23:47","modified_gmt":"2026-02-12T17:23:47","slug":"philisophie","status":"publish","type":"page","link":"https:\/\/sportdream-aussies.de\/?page_id=143","title":{"rendered":"Philosophie"},"content":{"rendered":"<p style=\"text-align: center;\">Unsere Einstellung zur Zucht ist ganz einfach erkl\u00e4rt. Wir sind Hobbyz\u00fcchter, die nach besten Wissen und Gewissen Hunde verpaaren. Wir sind keine Vermehrer! Jahrelang haben wir uns gewissenhaft auf die Zucht vorbereitet und mittlerweile mit fast 17 Jahren Zucht auch jede Menge Erfahrungen sammeln k\u00f6nnen. Viele B\u00fcchern wurden gelesen, Stunden und Tage im Internet gesurft, weitergebildet \u00fcber diverse Lehrg\u00e4nge wie Genetik, Zucht, Verhalten des Hundes und vieles mehr. Wir haben in der Regel einmal im Jahr einen Wurf, manchmal auch keinen und recht selten kommt es vor, das wir 2 W\u00fcrfe im Jahr haben.<\/p>\n<p style=\"text-align: center;\">Die Z\u00fcchterschulung war nur eines von vielen Dingen, die speziell auf den Aussie bezogen war. Wir haben unser Ziel vor Augen. Wir z\u00fcchten nicht einfach drauf los um ein paar nette Welpen zu bekommen, sondern unsere Aussies sollen gesund, vielseitig, triebig und sch\u00f6n sein.&nbsp;In genau dieser Reihenfolge wollen wir unser Ziel erreichen. Unsere Hund sind Vielseitigkeitshunde. Wir haben weder eine reine Show noch eine reine Arbeitslinie. Unsere Hunde sollen noch arbeiten k\u00f6nnen und das mit viel Power. Gleichzeitig sollen sie im Showring eine gute Figur abgeben.<\/p>\n<p style=\"text-align: center;\">Der Aussie hat derzeit leider die Tendenz zum Modehund.&nbsp;Das ist eine Entwicklung, die so gar nicht gut ist f\u00fcr die Rasse. Immer mehr Menschen kommen auf die Idee einen papierlosen Wurf zu machen, nur weil ihr Aussie gerade ganz nett anzuschauen ist. In der Regel haben beide Eltern keine gesundheitlichen Auswertungen und die Besitzer keine Ahnung von Pedigrees und Analysen der Daten. Das ist eine extrem negative Entwicklung.<\/p>\n<p style=\"text-align: center;\">Immer wieder bekommen wir Mails oder Anrufe, ob wir nicht helfen k\u00f6nnten, wir h\u00e4tten doch schlie\u00dflich auch Aussies. Hier geht es in der Regel um Erziehung, fehlende Papiere oder typisches Aussie Verhalten. Warum wenden sich die Besitzer nicht an ihren &#8222;Z\u00fcchter&#8220;?? Klar weil sie keine Antwort bekommen.&nbsp;Wir finden das sehr traurig, wenn man viel Geld f\u00fcr diesen Welpen bezahlt hat und danach keinerlei Hilfe mehr bekommt!<\/p>\n<p style=\"text-align: center;\">Bei uns wird jeder Hund, der von uns gez\u00fcchtet wurde betreut, solange die Besitzer dies wollen. Egal ob bei der Erziehung, Ern\u00e4hrung, Aussie typisches Verhalten oder einfach nur &#8222;wohin mit meinem Hund im Urlaub&#8220;, wir sind ein Lebenlang f\u00fcr unsere gez\u00fcchteten Hunde da! Garantiert!!<\/p>\n<p style=\"text-align: center;\">Siehe auch allgemeine Infos zu unserer Zucht!<\/p>\n<p> <img src='https:\/\/sportdream-aussies.de\/wp-content\/plugins\/wp-monalisa\/icons\/' alt='' width='29' height='24' class='wpml_ico' \/> &nbsp; <img src='https:\/\/sportdream-aussies.de\/wp-content\/plugins\/wp-monalisa\/icons\/' alt='' width='29' height='24' class='wpml_ico' \/> <\/p>\n<p style=\"text-align: center;\"><strong>Update Februar 2026<\/strong><\/p>\n<blockquote>\n<div dir=\"ltr\">\n<p style=\"text-align: center;\"><strong>\u00dcber 20 Jahre Erfahrung mit dem Australian Shepherd \u2013 unsere ehrliche Sicht auf die Rasse<\/strong><\/p>\n<p>Der Australian Shepherd ist eine faszinierende, intelligente und vielseitige Hunderasse. Doch kaum eine Rasse wird derzeit so missverstanden wie der Aussie.<\/p>\n<p>Nach \u00fcber 20 Jahren Erfahrung mit Australian Shepherds sehen wir uns in der Verantwortung, ein realistisches und ehrliches Bild dieser besonderen Hunde zu vermitteln.<\/p>\n<p>Im Jahr 2005 zog unser erster Australian Shepherd bei uns ein. 2009 folgte unser erster Wurf. Heute, im Jahr 2026, haben wir \u00fcber 100 Aussie-Welpen aufgezogen \u2013 acht davon sind geblieben und begleiten uns teilweise bis heute. Leider d\u00fcrfen July und Brooke nicht mehr dabei sein. Jeder einzelne Hund hat uns gelehrt, genauer hinzusehen, zuzuh\u00f6ren und nicht in Klischees zu denken.<\/p>\n<p>Zwei Extreme \u2013 und beide liegen daneben<\/p>\n<p>In den letzten Jahren stellen wir fest, dass sich die Anfragen nach Australian-Shepherd-Welpen immer h\u00e4ufiger in zwei Extreme aufteilen:<\/p>\n<p>Die eine Seite ist \u00fcberzeugt, ein Aussie m\u00fcsse t\u00e4glich ausgelastet, gearbeitet und besch\u00e4ftigt werden, sonst sei er ungl\u00fccklich.<\/p>\n<p>Die andere Seite sieht im Australian Shepherd einen unkomplizierten Familienhund, der alles und jeden liebt und am liebsten nur kuscheln m\u00f6chte.<\/p>\n<p>Unsere Erfahrung sagt ganz klar: Beides stimmt nicht.<\/p>\n<p>Der Australian Shepherd braucht keine Dauerbesch\u00e4ftigung<\/p>\n<p>Trotz viel Arbeitsfreude und H\u00fcteinstinkt im Pedigree hatten wir noch nie einen Australian Shepherd, der ungl\u00fccklich war, wenn es auch einmal ein paar Tage keine gezielte Arbeit, kein H\u00fcten oder kein Hundesport gab.<\/p>\n<p>Ein Aussie ist kein Hund, der jeden Tag \u201efunktionieren\u201c muss, um zufrieden zu sein.<\/p>\n<p>Was er jedoch braucht, ist Ausgewogenheit.<\/p>\n<p>Spazierg\u00e4nge, geistige Besch\u00e4ftigung und gemeinsame Aktivit\u00e4ten geh\u00f6ren selbstverst\u00e4ndlich dazu \u2013 aber in Ma\u00dfen. Dauerhafte \u00dcberforderung f\u00fchrt nicht zu einem ausgeglichenen Hund, sondern zu Stress, Nervosit\u00e4t und Unruhe.<\/p>\n<p>Genauso wichtig ist eine weitere Klarstellung:<\/p>\n<p>Der Australian Shepherd ist kein Hund, der automatisch alles und jeden mag. Er ist aufmerksam, wachsam, sensibel und oft sehr selektiv in seinen Sympathien. Nat\u00fcrlich gibt es auch diese Aussies, unsere July war auch ein Exemplar die immer nur nett und lieb zu allen Menschen und Hunden war, aber auch sie hat uns gelehrt, das es Ausnahmen gibt und hat das ein oder andere mal ganz anders reagiert wie erwartet und wurde zum Teufel.&nbsp; <img src='https:\/\/sportdream-aussies.de\/wp-content\/plugins\/wp-monalisa\/icons\/' alt='' width='29' height='24' class='wpml_ico' \/> <\/p>\n<p>Der Aussie passt sich Situationen an \u2013 manchmal auch anders, als man es erwartet. Genau das macht ihn so besonders, aber auch so anspruchsvoll.<\/p>\n<p>Der Australian Shepherd braucht klare Regeln, feste Strukturen und konsequente Erziehung.<\/p>\n<p>Vor allem aber muss er lernen, zur Ruhe zu kommen. Ruhe ist keine Schw\u00e4che \u2013 sie ist eine erlernte F\u00e4higkeit.<\/p>\n<p>Nat\u00fcrlich liebt es ein Aussie, mit seinem Menschen stundenlang zu wandern oder aktiv zu sein. Doch das allein macht ihn nicht zufrieden.<\/p>\n<p>Wohlf\u00fchlen tut er sich dann, wenn er einfach dazugeh\u00f6ren darf \u2013 im Alltag, im Familienleben, \u00fcberall dort, wo sein Mensch ist.<\/p>\n<p>Unser Fazit: Ein Hund mit Tiefe, kein Trendhund, der klare konsequente F\u00fchrung braucht und nicht einfach &#8222;nebenbei&#8220; l\u00e4uft.&nbsp; <img src='https:\/\/sportdream-aussies.de\/wp-content\/plugins\/wp-monalisa\/icons\/' alt='' width='29' height='24' class='wpml_ico' \/> <\/p>\n<p>Der Australian Shepherd ist:<\/p>\n<ul>\n<li>intelligent<\/li>\n<li>sensibel<\/li>\n<li>arbeitsfreudig<\/li>\n<li>loyal<\/li>\n<li>anspruchsvoll<\/li>\n<\/ul>\n<p>Unser Wunsch ist es, zuk\u00fcnftigen Haltern ein realistisches Bild vom Australian Shepherd zu vermitteln. Denn nur wer bereit ist, sich auf diese Rasse wirklich einzulassen, wird einen ausgeglichenen, zufriedenen und loyalen Begleiter an seiner Seite haben \u2013 ein Leben lang. Gerne informieren wir detailliert, aber bitte vorher unser Statement zu &#8222;Welpenk\u00e4ufer heute&#8220;  <img src='https:\/\/sportdream-aussies.de\/wp-content\/plugins\/wp-monalisa\/icons\/' alt='' width='29' height='24' class='wpml_ico' \/> &nbsp;unter Berichten lesen. Auch dies ist leider n\u00f6tig geworden, mal aus Sicht eines Z\u00fcchters, die neue Mentalit\u00e4t der K\u00e4ufer zu er\u00f6rtern.&nbsp; <img src='https:\/\/sportdream-aussies.de\/wp-content\/plugins\/wp-monalisa\/icons\/' alt='' width='29' height='24' class='wpml_ico' \/> <\/p>\n<\/div>\n<\/blockquote>\n<p> <img src='https:\/\/sportdream-aussies.de\/wp-content\/plugins\/wp-monalisa\/icons\/' alt='' width='29' height='24' class='wpml_ico' \/> &nbsp; <img src='https:\/\/sportdream-aussies.de\/wp-content\/plugins\/wp-monalisa\/icons\/' alt='' width='29' height='24' class='wpml_ico' \/> <\/p>\n","protected":false},"excerpt":{"rendered":"<p>Unsere Einstellung zur Zucht ist ganz einfach erkl\u00e4rt. Wir sind Hobbyz\u00fcchter, die nach besten Wissen und Gewissen Hunde verpaaren. Wir sind keine Vermehrer! Jahrelang haben wir uns gewissenhaft auf die Zucht vorbereitet und mittlerweile mit fast 17 Jahren Zucht auch jede Menge Erfahrungen sammeln k\u00f6nnen. Viele B\u00fcchern wurden gelesen, Stunden und Tage im Internet gesurft, [&hellip;]<\/p>\n","protected":false},"author":1,"featured_media":856,"parent":2,"menu_order":2,"comment_status":"closed","ping_status":"closed","template":"","meta":{"ngg_post_thumbnail":0,"footnotes":""},"class_list":["post-143","page","type-page","status-publish","has-post-thumbnail","hentry"],"aioseo_notices":[],"jetpack_sharing_enabled":true,"_links":{"self":[{"href":"https:\/\/sportdream-aussies.de\/index.php?rest_route=\/wp\/v2\/pages\/143","targetHints":{"allow":["GET"]}}],"collection":[{"href":"https:\/\/sportdream-aussies.de\/index.php?rest_route=\/wp\/v2\/pages"}],"about":[{"href":"https:\/\/sportdream-aussies.de\/index.php?rest_route=\/wp\/v2\/types\/page"}],"author":[{"embeddable":true,"href":"https:\/\/sportdream-aussies.de\/index.php?rest_route=\/wp\/v2\/users\/1"}],"replies":[{"embeddable":true,"href":"https:\/\/sportdream-aussies.de\/index.php?rest_route=%2Fwp%2Fv2%2Fcomments&post=143"}],"version-history":[{"count":15,"href":"https:\/\/sportdream-aussies.de\/index.php?rest_route=\/wp\/v2\/pages\/143\/revisions"}],"predecessor-version":[{"id":5593,"href":"https:\/\/sportdream-aussies.de\/index.php?rest_route=\/wp\/v2\/pages\/143\/revisions\/5593"}],"up":[{"embeddable":true,"href":"https:\/\/sportdream-aussies.de\/index.php?rest_route=\/wp\/v2\/pages\/2"}],"wp:featuredmedia":[{"embeddable":true,"href":"https:\/\/sportdream-aussies.de\/index.php?rest_route=\/wp\/v2\/media\/856"}],"wp:attachment":[{"href":"https:\/\/sportdream-aussies.de\/index.php?rest_route=%2Fwp%2Fv2%2Fmedia&parent=143"}],"curies":[{"name":"wp","href":"https:\/\/api.w.org\/{rel}","templated":true}]}}